, 449, 126683
List the prime factors of 328665121.
3433, 95737
What are the prime factors of 282172949?
7129, 39581
What are the prime factors of 476215533?
3, 41, 31477
List the prime factors of 74607257.
74607257
List the prime factors of 62709379.
17, 3688787
What are the prime factors of 105182876?
2, 17, 31, 41, 1217
What are the prime factors of 285548528?
2, 317, 56299
What are the prime factors of 5492854681?
179, 30686339
List the prime factors of 246029476.
2, 7, 11, 113, 7069
List the prime factors of 1096470869.
13, 137, 761, 809
What are the prime factors of 153649350?
2, 3, 5, 341443
What are the prime factors of 2126077145?
5, 29, 211, 69491
List the prime factors of 8062488.
2, 3, 7, 17, 941
What are the prime factors of 2018635?
5, 41, 43, 229
List the prime factors of 5072854841.
29, 89, 1965461
What are the prime factors of 1626753394?
2, 7, 647, 179593
What are the prime factors of 334000262?
2, 31, 5387101
List the prime factors of 10088828.
2, 739, 3413
What are the prime factors of 83616909?
3, 61, 456923
List the prime factors of 123344229.
3, 131, 313853
What are the prime factors of 62604537?
3, 233, 89563
What are the prime factors of 42300582?
2, 3, 193, 36529
List the prime factors of 132450301.
131, 1011071
What are the prime factors of 1082177432?
2, 7, 17, 1136741
List the prime factors of 2315288970.
2, 3, 5, 1283, 20051
List the prime factors of 13322050.
2, 5, 7, 17, 2239
What are the prime factors of 153334325?
5, 6133373
What are the prime factors of 754966925?
5, 30198677
List the prime factors of 248589244.
2, 23, 2702057
What are the prime factors of 564942370?
2, 5, 53, 113, 9433
List the prime factors of 171066597.
3, 13, 17, 258019
What are the prime factors of 5114801?
5114801
List the prime factors of 2177317189.
12637, 172297
What are the prime factors of 36705362?
2, 53, 346277
List the prime factors of 600855349.
439, 523, 2617
What are the prime factors of 2720740?
2, 5, 11, 83, 149
List the prime factors of 8192724.
2, 3, 19, 35933
List the prime factors of 1878629904.
2, 3, 13046041
What are the prime factors of 6234575023?
53, 2503, 46997
List the prime factors of 4357716682.
2, 11, 4007, 49433
What are the prime factors of 34361703?
3, 3817967
What are the prime factors of 3207899692?
2, 2557, 313639
List the prime factors of 582227455.
5, 116445491
What are the prime factors of 65735606?
2, 37, 888319
What are the prime factors of 6347363296?
2, 61, 3251723
List the prime factors of 297123974.
2, 7, 21223141
List the prime factors of 34209268.
2, 269, 31793
What are the prime factors of 220976425?
5, 1741, 5077
List the prime factors of 90007649.
90007649
What are the prime factors of 1097305386?
2, 3, 41, 89, 50119
What are the prime factors of 56558815?
5, 127, 89069
List the prime factors of 70006505.
5, 373, 37537
What are the prime factors of 1350132257?
37, 1801, 20261
List the prime factors of 4486087383.
3, 35999, 41539
List the prime factors of 22338146.
2, 73, 153001
What are the prime factors of 1975202475?
3, 5, 19, 72953
What are the prime factors of 649037848?
2, 81129731
List the prime factors of 951545280.
2, 3, 5, 7, 37, 43, 89
List the prime factors of 2258043359.
11, 13, 1399, 11287
What are the prime factors of 67928995?
5, 1153, 11783
What are the prime factors of 2538940854?
2, 3, 17, 19, 1310083
List the prime factors of 1124396009.
11, 23, 31, 13033
List the prime factors of 90953990.
2, 5, 41, 97, 2287
List the prime factors of 772904729.
37, 239, 87403
List the prime factors of 42636648.
2, 3, 149, 11923
What are the prime factors of 2977906404?
2, 3, 11, 19, 1187363
What are the prime factors of 224770460?
2, 5, 31, 43, 8431
What are the prime factors of 2344521567?
3, 781507189
What are the prime factors of 713306072?
2, 89163259
What are the prime factors of 25047392?
2, 17, 41, 1123
What are the prime factors of 122769100?
2, 5, 337, 3643
List the prime factors of 81909479.
271, 479, 631
List the prime factors of 954998739.
3, 29, 43, 85093
What are the prime factors of 1080535888?
2, 1297, 52069
What are the prime factors of 78268049?
19, 11411
What are the prime factors of 127339035?
3, 5, 8489269
List the prime factors of 728145038.
2, 233, 1562543
What are the prime factors of 98603927?
17, 37, 59, 2657
List the prime factors of 38662285.
5, 7732457
List the prime factors of 95090065.
5, 7, 113, 24043
List the prime factors of 6498003566.
2, 37, 43, 47491
What are the prime factors of 2879929245?
3, 5, 23, 29, 287849
List the prime factors of 2642046441.
3, 73, 12064139
What are the prime factors of 24432965?
5, 4886593
List the prime factors of 745050.
2, 3, 5, 4967
What are the prime factors of 243796746?
2, 3, 40632791
What are the prime factors of 554816439?
3, 20548757
What are the prime factors of 452517154?
2, 61, 3709157
What are the prime factors of 819680497?
1487, 551231
List the prime factors of 77918961.
3, 2857, 9091
What are the prime factors of 87342483?
3, 29114161
What are the prime factors of 105834506?
2, 47, 1125899
List the prime factors of 1245870940.
2, 5, 163, 461, 829
What are the prime factors of 71517350?
2, 5, 23, 62189
List the prime factors of 94327064.
2, 13, 181, 5011
List the prime factors of 92255884.
2, 7, 79, 179, 233
What are the prime factors of 223648891?
41, 43, 126857
List the prime factors of 543303063.
3, 1709, 35323
What are the prime factors of 430902098?
2, 11, 1583, 12373
What are the prime factors of 1747151897?
17, 19, 1493, 3623
What are the prime factors of 15482933?
23, 353, 1907
What are the prime factors of 3212040407?
3212040407
List the prime factors of 990352585.
5, 167, 1186051
List the prime factors of 3147696.
2, 3, 21859
List the prime factors of 436758917.
7, 17, 3670243
List the prime factors of 324587783.
13, 17, 1468723
List the prime factors of 1395339929.
1395339929
What are the prime factors of 341953526?
2, 19, 83, 181, 599
List the prime factors of 1666261328.
2, 1709, 60937
What are the prime factors of 86198671?
13, 251, 26417
What are the prime factors of 2282278928?
2, 142642433
List the prime factors of 226543593.
3, 19, 193, 20593
List the prime factors of 153295326.
2, 3, 8516407
What are the prime factors of 83445021?
3, 11, 842879
What are the prime factors of 4201365503?
37, 113550419
List the prime factors of 371215786.
2, 79, 811, 2897
List the prime factors of 2929255348.
2, 31, 23623027
What are the prime factors of 384128597?
3167, 121291
List the prime factors of 187523843.
13, 47, 306913
What are the prime factors of 273555402?
2, 3, 163, 279709
List the prime factors of 2361993658.
2, 1180996829
List the prime factors of 43472710.
2, 5, 41, 106031
List the prime factors of 41362434.
2, 3, 765971
What are the prime factors of 1241441495?
5, 7, 2381, 14897
What are the prime factors of 269730205?
5, 53946041
What are the prime factors of 588300916?
2, 7, 211, 99577
List the prime factors of 902358615.
3, 5, 167, 360223
List the prime factors of 989473586.
2, 494736793
List the prime factors of 16363922.
2, 8181961
What are the prime factors of 990469964?
2, 11, 31, 41, 89, 199
List the prime factors of 41804569.
41804569
List the prime factors of 529316206.
2, 3943, 67121
List the prime factors of 171113714.
2, 89, 961313
List the prime factors of 25193338.
2, 53, 237673
List the prime factors of 4818419913.
3, 179, 8972849
What are the prime factors of 88005326?
2, 167, 263489
What are the prime factors of 18400301?
18400301
List the prime factors of 18569289.
3, 19, 325777
What are the prime factors of 320064629?
79, 241, 16811
What are the prime factors of 18149376?
2, 3, 7, 211
What are the prime factors of 55269328?
2, 19, 281, 647
List the prime factors of 103405547.
7, 3557, 4153
List the prime factors of 1016626004.
2, 101, 2516401
List the prime factors of 244578266.
2, 421, 290473
What are the prime factors of 11881315?
5, 2376263
What are the prime factors of 128007936?
2, 3, 7, 7937
List the prime factors of 3865316706.
2, 3, 71579939
What are the prime factors of 830541340?
2, 5, 1567, 26501
What are the prime factors of 898409723?
967, 929069
What are the prime factors of 685457474?
2, 13, 26363749
What are the prime factors of 5688570359?
5688570359
Li